6
Calculate the greatest common divisor of 279 and 4929.
93
What is the greatest common divisor of 1067 and 55?
11
Calculate the greatest common factor of 368 and 7774.
46
What is the greatest common divisor of 4671 and 54?
27
What is the highest common factor of 87 and 3?
3
Calculate the greatest common divisor of 5 and 305.
5
Calculate the greatest common factor of 60 and 114.
6
What is the greatest common factor of 475 and 19?
19
Calculate the highest common factor of 11881 and 545.
109
Calculate the greatest common factor of 4658 and 34.
34
What is the highest common divisor of 78 and 402?
6
What is the greatest common divisor of 130 and 1586?
26
Calculate the highest common divisor of 50 and 200.
50
What is the highest common divisor of 18 and 6462?
18
Calculate the highest common divisor of 3634 and 79.
79
Calculate the greatest common factor of 170 and 136.
34
Calculate the greatest common divisor of 9 and 2439.
9
Calculate the greatest common factor of 24 and 708.
12
What is the highest common factor of 1140 and 60?
60
What is the greatest common divisor of 6027 and 147?
147
What is the greatest common factor of 30 and 170?
10
Calculate the highest common divisor of 175 and 7.
7
Calculate the greatest common factor of 1938 and 342.
114
What is the highest common factor of 18 and 2514?
6
What is the highest common divisor of 18585 and 177?
177
What is the highest common factor of 637 and 455?
91
Calculate the greatest common factor of 1904 and 119.
119
What is the greatest common divisor of 1 and 397?
1
Calculate the highest common factor of 108 and 12.
12
Calculate the greatest common divisor of 312 and 26.
26
What is the greatest common divisor of 41 and 328?
41
Calculate the greatest common factor of 785 and 10.
5
What is the highest common divisor of 297 and 27?
27
What is the greatest common divisor of 600 and 2700?
300
Calculate the highest common divisor of 536 and 8.
8
Calculate the highest common divisor of 1 and 32.
1
Calculate the highest common divisor of 189 and 216.
27
What is the greatest common divisor of 136 and 22168?
136
What is the greatest common divisor of 21 and 5019?
21
Calculate the highest common divisor of 11 and 53999.
11
Calculate the greatest common divisor of 126 and 1722.
42
Calculate the greatest common divisor of 11 and 1408.
11
What is the greatest common factor of 297 and 216?
27
Calculate the highest common divisor of 10 and 10490.
10
Calculate the greatest common divisor of 6 and 21282.
6
What is the highest common factor of 26 and 2171?
13
What is the greatest common factor of 210 and 1530?
30
What is the highest common divisor of 63 and 147?
21
Calculate the greatest common divisor of 15 and 240.
15
What is the highest common divisor of 143 and 130?
13
What is the highest common factor of 136 and 88?
8
Calculate the highest common divisor of 426 and 1562.
142
Calculate the greatest common factor of 140 and 230.
10
What is the highest common factor of 2360 and 160?
40
What is the highest common divisor of 77 and 99?
11
Calculate the highest common factor of 3848 and 2912.
104
What is the greatest common divisor of 77 and 259?
7
Calculate the greatest common factor of 252 and 72.
36
What is the highest common divisor of 304 and 16?
16
Calculate the greatest common factor of 169 and 156.
13
Calculate the highest common factor of 35 and 189.
7
What is the highest common factor of 60 and 610?
10
What is the greatest common factor of 375 and 300?
75
Calculate the greatest common factor of 10 and 11870.
10
What is the greatest common divisor of 950 and 50?
50
Calculate the highest common factor of 725 and 493.
29
What is the greatest common divisor of 114 and 8474?
38
What is the greatest common divisor of 750 and 50?
50
What is the highest common divisor of 38 and 10?
2
What is the highest common factor of 680 and 1768?
136
What is the highest common divisor of 120 and 80?
40
What is the highest common factor of 23 and 299?
23
What is the greatest common divisor of 253 and 473?
11
What is the highest common factor of 162 and 21?
3
Calculate the greatest common divisor of 120 and 48.
24
Calculate the greatest common factor of 868 and 14.
14
What is the greatest common divisor of 1598 and 94?
94
What is the greatest common divisor of 15 and 85?
5
Calculate the greatest common factor of 24 and 1176.
24
What is the highest common divisor of 9 and 1?
1
What is the highest common factor of 18 and 1302?
6
Calculate the highest common factor of 4558 and 106.
106
What is the greatest common divisor of 456 and 1320?
24
Calculate the greatest common divisor of 2 and 142.
2
What is the greatest common divisor of 217 and 35?
7
What is the greatest common factor of 1681 and 205?
41
Calculate the greatest common divisor of 3 and 188.
1
What is the greatest common divisor of 68 and 10676?
68
What is the highest common divisor of 156 and 60?
12
What is the greatest common factor of 186 and 434?
62
Calculate the highest common divisor of 4147 and 145.
29
Calculate the greatest common factor of 7218 and 36.
18
Calculate the greatest common divisor of 2920 and 1.
1
Calculate the highest common divisor of 936 and 2704.
104
What is the highest common factor of 299 and 18239?
299
What is the greatest common divisor of 349 and 12564?
349
What is the greatest common factor of 98 and 1134?
14
Calculate the highest common divisor of 875 and 770.
35
What is the highest common divisor of 472 and 8?
8
Calculate the highest common factor of 60 and 1284.
12
What is the greatest common factor of 16 and 19472?
16
Calculate the highest common factor of 6 and 5490.
6
Calculate the greatest common divisor of 14 and 14.
14
What is the highest common divisor of 594 and 110?
22
What is the highest common factor of 125 and 10?
5
Calculate the greatest common factor of 26 and 5993.
13
What is the greatest common divisor of 250 and 875?
125
Calculate the greatest common factor of 60 and 40.
20
Calculate the greatest common divisor of 9 and 909.
9
Calculate the greatest common divisor of 3 and 497.
1
Calculate the highest common factor of 48 and 704.
16
Calculate the highest common divisor of 13184 and 256.
128
Calculate the greatest common divisor of 78 and 30.
6
What is the highest common factor of 627 and 2013?
33
Calculate the highest common factor of 7018 and 1331.
121
What is the highest common factor of 288 and 352?
32
Calculate the greatest common divisor of 11 and 1375.
11
What is the greatest common factor of 45 and 225?
45
Calculate the greatest common divisor of 335 and 5.
5
Calculate the highest common divisor of 8200 and 400.
200
What is the greatest common factor of 10 and 1200?
10
Calculate the highest common factor of 5 and 245.
5
What is the greatest common factor of 232 and 20?
4
Calculate the greatest common factor of 10 and 8.
2
What is the highest common factor of 4558 and 1378?
106
What is the greatest common divisor of 78 and 18?
6
Calculate the highest common factor of 18 and 63.
9
What is the highest common factor of 790 and 474?
158
What is the greatest common factor of 12 and 12828?
12
What is the highest common factor of 1605 and 105?
15
Calculate the greatest common factor of 247 and 104.
13
What is the greatest common factor of 119 and 17?
17
What is the greatest common factor of 486 and 6?
6
Calculate the greatest common factor of 1507 and 33.
11
Calculate the greatest common divisor of 99 and 9.
9
What is the greatest common divisor of 322 and 28?
14
Calculate the highest common divisor of 9844 and 184.
92
Calculate the highest common divisor of 30 and 2785.
5
What is the highest common factor of 10 and 30?
10
What is the highest common factor of 10 and 4?
2
Calculate the highest common factor of 22 and 473.
11
What is the highest common divisor of 170 and 595?
85
What is the greatest common divisor of 4040 and 80?
40
Calculate the highest common divisor of 392 and 8.
8
Calculate the greatest common factor of 43 and 559.
43
What is the greatest common factor of 100 and 1220?
20
What is the highest common factor of 47 and 1175?
47
Calculate the highest common factor of 147 and 4011.
21
What is the highest common factor of 1837 and 187?
11
Calculate the highest common divisor of 299 and 46.
23
Calculate the hig